{"version":"1.0","provider_name":"Wrzeszcz Jarka Wasielewskiego","provider_url":"https:\/\/jarekwasielewski.pl\/zwrzeszcza","author_name":"Jarek Wasielewski","author_url":"https:\/\/jarekwasielewski.pl\/zwrzeszcza\/author\/admin\/","title":"Wojenny Wrzeszcz na kolorowym filmie! - Wrzeszcz Jarka Wasielewskiego","type":"rich","width":600,"height":338,"html":"<blockquote class=\"wp-embedded-content\" data-secret=\"qKyCymwBS8\"><a href=\"https:\/\/jarekwasielewski.pl\/zwrzeszcza\/2019\/03\/wojenny-wrzeszcz-na-kolorowym-filmie\/\">Wojenny Wrzeszcz na kolorowym filmie!<\/a><\/blockquote><iframe sandbox=\"allow-scripts\" security=\"restricted\" src=\"https:\/\/jarekwasielewski.pl\/zwrzeszcza\/2019\/03\/wojenny-wrzeszcz-na-kolorowym-filmie\/embed\/#?secret=qKyCymwBS8\" width=\"600\" height=\"338\" title=\"&#8222;Wojenny Wrzeszcz na kolorowym filmie!&#8221; &#8212; Wrzeszcz Jarka Wasielewskiego\" data-secret=\"qKyCymwBS8\" frameborder=\"0\" marginwidth=\"0\" marginheight=\"0\" scrolling=\"no\" class=\"wp-embedded-content\"><\/iframe><script type=\"text\/javascript\">\n\/* <![CDATA[ *\/\n\/*! This file is auto-generated *\/\n!function(d,l){\"use strict\";l.querySelector&&d.addEventListener&&\"undefined\"!=typeof URL&&(d.wp=d.wp||{},d.wp.receiveEmbedMessage||(d.wp.receiveEmbedMessage=function(e){var t=e.data;if((t||t.secret||t.message||t.value)&&!\/[^a-zA-Z0-9]\/.test(t.secret)){for(var s,r,n,a=l.querySelectorAll('iframe[data-secret=\"'+t.secret+'\"]'),o=l.querySelectorAll('blockquote[data-secret=\"'+t.secret+'\"]'),c=new RegExp(\"^https?:$\",\"i\"),i=0;i<o.length;i++)o[i].style.display=\"none\";for(i=0;i<a.length;i++)s=a[i],e.source===s.contentWindow&&(s.removeAttribute(\"style\"),\"height\"===t.message?(1e3<(r=parseInt(t.value,10))?r=1e3:~~r<200&&(r=200),s.height=r):\"link\"===t.message&&(r=new URL(s.getAttribute(\"src\")),n=new URL(t.value),c.test(n.protocol))&&n.host===r.host&&l.activeElement===s&&(d.top.location.href=t.value))}},d.addEventListener(\"message\",d.wp.receiveEmbedMessage,!1),l.addEventListener(\"DOMContentLoaded\",function(){for(var e,t,s=l.querySelectorAll(\"iframe.wp-embedded-content\"),r=0;r<s.length;r++)(t=(e=s[r]).getAttribute(\"data-secret\"))||(t=Math.random().toString(36).substring(2,12),e.src+=\"#?secret=\"+t,e.setAttribute(\"data-secret\",t)),e.contentWindow.postMessage({message:\"ready\",secret:t},\"*\")},!1)))}(window,document);\n\/\/# sourceURL=https:\/\/jarekwasielewski.pl\/zwrzeszcza\/wp-includes\/js\/wp-embed.min.js\n\/* ]]> *\/\n<\/script>\n","thumbnail_url":"https:\/\/jarekwasielewski.pl\/zwrzeszcza\/wp-content\/uploads\/2019\/02\/wrzeszcz_film_kolorowy_1941_8.png","thumbnail_width":899,"thumbnail_height":504,"description":"Nieco ponad dwa lata temu na YouTube\u2019owym kanale kolo\u0144skiej Weltfilmerbe opublikowany zosta\u0142&nbsp;film z prywatnego archiwum, ukazuj\u0105cy Gda\u0144sk \u2013 oraz Wrzeszcz \u2013 w roku 1940. Film \u2013 co zrozumia\u0142e \u2013 wzbudzi\u0142 wielk\u0105 sensacj\u0119 \u2013 tutaj mo\u017cesz przeczyta\u0107 moj\u0105 analiz\u0119. Okazuje si\u0119, \u017ce jest ci\u0105g dalszy! Trzy tygodnie temu na tym samym kanale pojawi\u0142o si\u0119 inne nagranie&hellip;"}

Nieco ponad dwa lata temu na YouTube’owym kanale kolońskiej Weltfilmerbe opublikowany został&nbsp;film z prywatnego archiwum, ukazujący Gdańsk – oraz Wrzeszcz – w roku 1940. Film – co zrozumiałe – wzbudził wielką sensację – tutaj możesz przeczytać moją analizę. Okazuje się, że jest ciąg dalszy! Trzy tygodnie temu na tym samym kanale pojawiło się inne nagranie&hellip;
