{"version":"1.0","provider_name":"Wrzeszcz Jarka Wasielewskiego","provider_url":"https:\/\/jarekwasielewski.pl\/zwrzeszcza","author_name":"Jarek Wasielewski","author_url":"https:\/\/jarekwasielewski.pl\/zwrzeszcza\/author\/admin\/","title":"Dr\u00f3b, du\u017co drobiu na pograniczu Wrzeszcza i Zaspy - Wrzeszcz Jarka Wasielewskiego","type":"rich","width":600,"height":338,"html":"<blockquote class=\"wp-embedded-content\" data-secret=\"FvpK6Rjb7v\"><a href=\"https:\/\/jarekwasielewski.pl\/zwrzeszcza\/2016\/12\/drob-duzo-drobiu-na-pograniczu-wrzeszcza-i-zaspy\/\">Dr\u00f3b, du\u017co drobiu na pograniczu Wrzeszcza i Zaspy<\/a><\/blockquote><iframe sandbox=\"allow-scripts\" security=\"restricted\" src=\"https:\/\/jarekwasielewski.pl\/zwrzeszcza\/2016\/12\/drob-duzo-drobiu-na-pograniczu-wrzeszcza-i-zaspy\/embed\/#?secret=FvpK6Rjb7v\" width=\"600\" height=\"338\" title=\"&#8222;Dr\u00f3b, du\u017co drobiu na pograniczu Wrzeszcza i Zaspy&#8221; &#8212; Wrzeszcz Jarka Wasielewskiego\" data-secret=\"FvpK6Rjb7v\" frameborder=\"0\" marginwidth=\"0\" marginheight=\"0\" scrolling=\"no\" class=\"wp-embedded-content\"><\/iframe><script type=\"text\/javascript\">\n\/* <![CDATA[ *\/\n\/*! This file is auto-generated *\/\n!function(d,l){\"use strict\";l.querySelector&&d.addEventListener&&\"undefined\"!=typeof URL&&(d.wp=d.wp||{},d.wp.receiveEmbedMessage||(d.wp.receiveEmbedMessage=function(e){var t=e.data;if((t||t.secret||t.message||t.value)&&!\/[^a-zA-Z0-9]\/.test(t.secret)){for(var s,r,n,a=l.querySelectorAll('iframe[data-secret=\"'+t.secret+'\"]'),o=l.querySelectorAll('blockquote[data-secret=\"'+t.secret+'\"]'),c=new RegExp(\"^https?:$\",\"i\"),i=0;i<o.length;i++)o[i].style.display=\"none\";for(i=0;i<a.length;i++)s=a[i],e.source===s.contentWindow&&(s.removeAttribute(\"style\"),\"height\"===t.message?(1e3<(r=parseInt(t.value,10))?r=1e3:~~r<200&&(r=200),s.height=r):\"link\"===t.message&&(r=new URL(s.getAttribute(\"src\")),n=new URL(t.value),c.test(n.protocol))&&n.host===r.host&&l.activeElement===s&&(d.top.location.href=t.value))}},d.addEventListener(\"message\",d.wp.receiveEmbedMessage,!1),l.addEventListener(\"DOMContentLoaded\",function(){for(var e,t,s=l.querySelectorAll(\"iframe.wp-embedded-content\"),r=0;r<s.length;r++)(t=(e=s[r]).getAttribute(\"data-secret\"))||(t=Math.random().toString(36).substring(2,12),e.src+=\"#?secret=\"+t,e.setAttribute(\"data-secret\",t)),e.contentWindow.postMessage({message:\"ready\",secret:t},\"*\")},!1)))}(window,document);\n\/\/# sourceURL=https:\/\/jarekwasielewski.pl\/zwrzeszcza\/wp-includes\/js\/wp-embed.min.js\n\/* ]]> *\/\n<\/script>\n","thumbnail_url":"https:\/\/jarekwasielewski.pl\/zwrzeszcza\/wp-content\/uploads\/2016\/12\/oboz_wrzeszcz_chrobrego_barak_2.jpg","thumbnail_width":900,"thumbnail_height":600,"description":"Du\u017ca cz\u0119\u015b\u0107 mojego najnowszego artyku\u0142u w czasopi\u015bmie 30 dni (pope\u0142nionego wsp\u00f3lnie z Janem Danilukiem), po\u015bwi\u0119conego historii obozu pracy przymusowej Narvik&nbsp;dotyczy jego powojennych los\u00f3w. Przez kilka dekad baraki wykorzystywane by\u0142y w rozmaitych celach: jako budynki biurowe, przemys\u0142owe, ale tak\u017ce \u2013 co dzi\u015b s\u0142usznie szokuje \u2013 mieszkalne. Podobnie dzia\u0142o si\u0119 z innymi barakami o wojennej proweniencji w&hellip;"}

Drób, dużo drobiu na pograniczu Wrzeszcza i Zaspy - Wrzeszcz Jarka Wasielewskiego

<blockquote class="wp-embedded-content" data-secret="FvpK6Rjb7v"><a href="https://jarekwasielewski.pl/zwrzeszcza/2016/12/drob-duzo-drobiu-na-pograniczu-wrzeszcza-i-zaspy/">Drób, dużo drobiu na pograniczu Wrzeszcza i Zaspy</a></blockquote><iframe sandbox="allow-scripts" security="restricted" src="https://jarekwasielewski.pl/zwrzeszcza/2016/12/drob-duzo-drobiu-na-pograniczu-wrzeszcza-i-zaspy/embed/#?secret=FvpK6Rjb7v" width="600" height="338" title="&#8222;Drób, dużo drobiu na pograniczu Wrzeszcza i Zaspy&#8221; &#8212; Wrzeszcz Jarka Wasielewskiego" data-secret="FvpK6Rjb7v" frameborder="0" marginwidth="0" marginheight="0" scrolling="no" class="wp-embedded-content"></iframe><script type="text/javascript">
/* <![CDATA[ */
/*! This file is auto-generated */
!function(d,l){"use strict";l.querySelector&&d.addEventListener&&"undefined"!=typeof URL&&(d.wp=d.wp||{},d.wp.receiveEmbedMessage||(d.wp.receiveEmbedMessage=function(e){var t=e.data;if((t||t.secret||t.message||t.value)&&!/[^a-zA-Z0-9]/.test(t.secret)){for(var s,r,n,a=l.querySelectorAll('iframe[data-secret="'+t.secret+'"]'),o=l.querySelectorAll('blockquote[data-secret="'+t.secret+'"]'),c=new RegExp("^https?:$","i"),i=0;i<o.length;i++)o[i].style.display="none";for(i=0;i<a.length;i++)s=a[i],e.source===s.contentWindow&&(s.removeAttribute("style"),"height"===t.message?(1e3<(r=parseInt(t.value,10))?r=1e3:~~r<200&&(r=200),s.height=r):"link"===t.message&&(r=new URL(s.getAttribute("src")),n=new URL(t.value),c.test(n.protocol))&&n.host===r.host&&l.activeElement===s&&(d.top.location.href=t.value))}},d.addEventListener("message",d.wp.receiveEmbedMessage,!1),l.addEventListener("DOMContentLoaded",function(){for(var e,t,s=l.querySelectorAll("iframe.wp-embedded-content"),r=0;r<s.length;r++)(t=(e=s[r]).getAttribute("data-secret"))||(t=Math.random().toString(36).substring(2,12),e.src+="#?secret="+t,e.setAttribute("data-secret",t)),e.contentWindow.postMessage({message:"ready",secret:t},"*")},!1)))}(window,document);
//# sourceURL=https://jarekwasielewski.pl/zwrzeszcza/wp-includes/js/wp-embed.min.js
/* ]]> */
</script>

Duża część mojego najnowszego artykułu w czasopiśmie 30 dni (popełnionego wspólnie z Janem Danilukiem), poświęconego historii obozu pracy przymusowej Narvik&nbsp;dotyczy jego powojennych losów. Przez kilka dekad baraki wykorzystywane były w rozmaitych celach: jako budynki biurowe, przemysłowe, ale także – co dziś słusznie szokuje – mieszkalne. Podobnie działo się z innymi barakami o wojennej proweniencji w&hellip;
